nder when 7991 is divided by 123?
119
What is the remainder when 63 is divided by 9?
0
Calculate the remainder when 43 is divided by 27.
16
What is the remainder when 635 is divided by 58?
55
Calculate the remainder when 2206 is divided by 157.
8
What is the remainder when 337 is divided by 42?
1
What is the remainder when 5002 is divided by 44?
30
What is the remainder when 741 is divided by 4?
1
Calculate the remainder when 477 is divided by 16.
13
Calculate the remainder when 316 is divided by 80.
76
What is the remainder when 121 is divided by 41?
39
Calculate the remainder when 3282 is divided by 67.
66
Calculate the remainder when 85 is divided by 27.
4
Calculate the remainder when 3865 is divided by 16.
9
Calculate the remainder when 59 is divided by 18.
5
Calculate the remainder when 847 is divided by 16.
15
Calculate the remainder when 203 is divided by 102.
101
What is the remainder when 512 is divided by 14?
8
What is the remainder when 2139 is divided by 51?
48
Calculate the remainder when 41 is divided by 23.
18
Calculate the remainder when 40 is divided by 2.
0
Calculate the remainder when 290 is divided by 14.
10
What is the remainder when 859 is divided by 32?
27
What is the remainder when 307 is divided by 34?
1
Calculate the remainder when 311 is divided by 52.
51
Calculate the remainder when 583 is divided by 73.
72
What is the remainder when 6796 is divided by 272?
268
What is the remainder when 608 is divided by 206?
196
What is the remainder when 60 is divided by 13?
8
Calculate the remainder when 183 is divided by 23.
22
What is the remainder when 1649 is divided by 118?
115
Calculate the remainder when 315 is divided by 101.
12
What is the remainder when 434 is divided by 52?
18
Calculate the remainder when 216 is divided by 16.
8
What is the remainder when 813 is divided by 397?
19
Calculate the remainder when 322 is divided by 65.
62
Calculate the remainder when 215 is divided by 31.
29
What is the remainder when 28 is divided by 23?
5
What is the remainder when 63 is divided by 12?
3
Calculate the remainder when 367 is divided by 196.
171
Calculate the remainder when 1251 is divided by 33.
30
What is the remainder when 83 is divided by 28?
27
What is the remainder when 13116 is divided by 205?
201
Calculate the remainder when 2177 is divided by 20.
17
What is the remainder when 54 is divided by 34?
20
What is the remainder when 97 is divided by 25?
22
Calculate the remainder when 149 is divided by 13.
6
What is the remainder when 46 is divided by 13?
7
What is the remainder when 121 is divided by 33?
22
What is the remainder when 79 is divided by 17?
11
Calculate the remainder when 446 is divided by 28.
26
Calculate the remainder when 182 is divided by 24.
14
What is the remainder when 232 is divided by 62?
46
Calculate the remainder when 241 is divided by 35.
31
Calculate the remainder when 172 is divided by 58.
56
Calculate the remainder when 367 is divided by 74.
71
What is the remainder when 669 is divided by 14?
11
What is the remainder when 7235 is divided by 14?
11
Calculate the remainder when 3356 is divided by 48.
44
Calculate the remainder when 2506 is divided by 5.
1
What is the remainder when 13 is divided by 3?
1
What is the remainder when 129 is divided by 59?
11
Calculate the remainder when 134 is divided by 22.
2
Calculate the remainder when 3044 is divided by 15.
14
What is the remainder when 121 is divided by 32?
25
Calculate the remainder when 61 is divided by 7.
5
What is the remainder when 284 is divided by 273?
11
What is the remainder when 936 is divided by 20?
16
Calculate the remainder when 412 is divided by 26.
22
Calculate the remainder when 4818 is divided by 20.
18
What is the remainder when 1751 is divided by 460?
371
Calculate the remainder when 5382 is divided by 1794.
0
What is the remainder when 953 is divided by 107?
97
What is the remainder when 269 is divided by 78?
35
Calculate the remainder when 320 is divided by 192.
128
Calculate the remainder when 4646 is divided by 50.
46
What is the remainder when 373 is divided by 96?
85
What is the remainder when 5421 is divided by 11?
9
Calculate the remainder when 243 is divided by 30.
3
What is the remainder when 182 is divided by 29?
8
Calculate the remainder when 21315 is divided by 33.
30
Calculate the remainder when 6435 is divided by 2142.
9
What is the remainder when 113 is divided by 19?
18
Calculate the remainder when 492 is divided by 65.
37
What is the remainder when 2045 is divided by 82?
77
Calculate the remainder when 1211 is divided by 391.
38
Calculate the remainder when 113 is divided by 56.
1
Calculate the remainder when 6287 is divided by 203.
197
What is the remainder when 3632 is divided by 903?
20
What is the remainder when 89 is divided by 80?
9
Calculate the remainder when 414 is divided by 38.
34
What is the remainder when 82 is divided by 48?
34
Calculate the remainder when 16 is divided by 3.
1
What is the remainder when 12797 is divided by 246?
5
Calculate the remainder when 1896 is divided by 7.
6
What is the remainder when 179 is divided by 11?
3
What is the remainder when 44 is divided by 26?
18
Calculate the remainder when 218 is divided by 105.
8
Calculate the remainder when 18 is divided by 4.
2
What is the remainder when 106 is divided by 23?
14
What is the remainder when 1744 is divided by 347?
9
What is the remainder when 3366 is divided by 7?
6
Calculate the remainder when 192 is divided by 11.
5
What is the remainder when 2847 is divided by 46?
41
Calculate the remainder when 907 is divided by 13.
10
Calculate the remainder when 58 is divided by 15.
13
What is the remainder when 1136 is divided by 138?
32
What is the remainder when 1016 is divided by 85?
81
What is the remainder when 93 is divided by 39?
15
Calculate the remainder when 1020 is divided by 93.
90
Calculate the remainder when 6116 is divided by 51.
47
Calculate the remainder when 360 is divided by 73.
68
Calculate the remainder when 1041 is divided by 9.
6
What is the remainder when 34 is divided by 13?
8
What is the remainder when 356 is divided by 20?
16
What is the remainder when 141 is divided by 36?
33
What is the remainder when 31 is divided by 13?
5
What is the remainder when 175 is divided by 32?
15
Calculate the remainder when 1819 is divided by 181.
9
Calculate the remainder when 473 is divided by 68.
65
What is the remainder when 399 is divided by 128?
15
What is the remainder when 943 is divided by 105?
103
Calculate the remainder when 505 is divided by 27.
19
Calculate the remainder when 1748 is divided by 110.
98
What is the remainder when 728 is divided by 4?
0
Calculate the remainder when 268 is divided by 90.
88
Calculate the remainder when 4366 is divided by 17.
14
Calculate the remainder when 24 is divided by 13.
11
What is the remainder when 110 is divided by 6?
2
Calculate the remainder when 269 is divided by 124.
21
What is the remainder when 21869 is divided by 405?
404
What is the remainder when 679 is divided by 89?
56
What is the remainder when 276 is divided by 262?
14
Calculate the remainder when 1213 is divided by 78.
43
What is the remainder when 789 is divided by 26?
9
What is the remainder when 9760 is divided by 3250?
10
Calculate the remainder when 170 is divided by 58.
54
What is the remainder when 47 is divided by 15?
2
Calculate the remainder when 12556 is divided by 10.
6
Calculate the remainder when 17982 is divided by 32.
30
What is the remainder when 61 is divided by 1?
0
Calculate the remainder when 601 is divided by 43.
42
Calculate the remainder when 317 is divided by 82.
71
What is the remainder when 8567 is divided by 36?
35
What is the remainder when 251 is divided by 44?
31
Calculate the remainder when 3369 is divided by 34.
3
Calculate the remainder when 252 is divided by 123.
6
What is the remainder when 576 is divided by 334?
242
What is the remainder when 68 is divided by 21?
5
Calculate the remainder when 4485 is divided by 22.
19
What is the remainder when 543 is divided by 56?
39
Calculate the remainder when 2696 is divided by 71.
69
Calculate the remainder when 10824 is divided by 25.
24
What is the remainder when 32758 is divided by 117?
115
What is the remainder when 73 is